f s(5).
11, 787
Suppose -6*d - 3*f + 73273 = -d, 0 = -d + 2*f + 14639. List the prime factors of d.
7, 13, 23
Suppose 12*w - 130 = -w. Suppose -v + 3 = 0, w*l - 584 = 9*l - v. List the prime factors of l.
7, 83
Let f(o) = 52*o + 55*o - 3 + 298*o**3 + 2*o**2 - 105*o. List the prime factors of f(1).
13, 23
Suppose 0 = 4*y - 3*q + 2 + 15, 3*y - 3*q + 12 = 0. Let u = -46 + y. Let s = 48 - u. What are the prime factors of s?
3, 11
Suppose 4*p + 13 = -5*r, 4*p + 4*r = -p - 5. Suppose 0 = -4*g - p*c + 1315, 2*c = -5*g + 4*c + 1661. List the prime factors of g.
331
Let f(x) = 3*x**3 - 7*x**2 + 9*x - 10. Let v = 135 - 131. What are the prime factors of f(v)?
2, 53
Let y = -75 - -125. Let k = y - 43. Suppose t + 17 = -2*l - 3*l, l = t - k. List the prime factors of t.
3
Suppose m + 0*m + 5*w = 1006, 5*w = 2*m - 2072. Let u be (-1)/(-4 - m/(-256)). Let a = 251 + u. List the prime factors of a.
3, 41
Let l(g) = -g**3 + 7*g**2 + 4*g. Let y be l(7). Let u be 4/28 - (120/y)/2. Let d(n) = -162*n - 12. List the prime factors of d(u).
2, 3, 13
Suppose -4*k = -4*b - 8908, -94*b + 8 = -96*b. List the prime factors of k.
3, 13, 19
Let a be 112/12 + 3/(-9). Suppose 0 = -k + a*k - 24. Suppose -701 + 189 = -4*y - 3*q, -k*q + 262 = 2*y. What are the prime factors of y?
5
Let z = 2666 - -1420. What are the prime factors of z?
2, 3, 227
Let k(f) = 137*f**2 - 22*f - 29. List the prime factors of k(-7).
2, 13, 263
Suppose 1423 - 451 = -18*m. What are the prime factors of (1 - 1044)*(m + 52)?
2, 7, 149
Let u be 1*9 - (-20 + -774). List the prime factors of (u - 10) + (0 - -1).
2, 397
Let a(j) = -189*j - 625. Let g(o) = -95*o - 314. Let d(l) = -3*a(l) + 5*g(l). What are the prime factors of d(9)?
11, 103
Let f be 101/7 + 4/7. Suppose 72 = 3*y + 3*t, 2*y - 2*t - 33 - f = 0. List the prime factors of (-2 + (-32)/(-12))*y.
2
Suppose -a + 25 = -5*x, a - 2*x - 11 - 2 = 0. Suppose -4*b + 2*b = -s - 627, -a*s = -5*b + 1580. What are the prime factors of b?
311
Suppose -5*z = 2*f + 62, -4*z - 37 = -4*f + 7. Let t be (-54)/21*112/z. Suppose -t*j + 31*j = 224. List the prime factors of j.
2
Let d = 39495 - 13524. List the prime factors of d.
3, 11, 787
Suppose -2*d = -4*b - 37284, 50*b = -d + 55*b + 18627. What are the prime factors of d?
2, 4663
Let i(q) = 2*q**2 - 3*q + 68. Suppose 71 - 107 = -4*g. What are the prime factors of i(g)?
7, 29
Suppose -425 = -5*r + 7*s - 2*s, 2*r - 3*s = 165. Suppose 5*f - r + 25 = 0. What are the prime factors of 110/1 - (-12 + f)?
109
Suppose 0 = -3*s - 4*s + 35. Suppose -201 = -3*r + 3*k, -54 = 4*r - s*k - 320. Let i = 87 + r. List the prime factors of i.
2, 3, 13
Suppose 65430*f - 65446*f + 260144 = 0. What are the prime factors of f?
71, 229
Let o = -30175 - -45494. What are the prime factors of o?
15319
Suppose -2557 = -x - 4*g + 2968, -g = 4*x - 22115. What are the prime factors of x?
3, 19, 97
Let o(y) = 18*y - 54. Let q be o(3). Suppose -30*r + 39*r - 3816 = q. What are the prime factors of r?
2, 53
List the prime factors of (2693/(-15) - 10/6)*-5 + -4.
2, 11, 41
List the prime factors of ((-101878)/(-15) - 20/(-150)) + -5.
11, 617
Suppose -103*u = -111*u + 112. Suppose 0*o = u*o - 8960. What are the prime factors of o?
2, 5
Suppose -423 = -8*z - 127. Let h = -1 + z. Suppose 27*a - h = 25*a. List the prime factors of a.
2, 3
What are the prime factors of ((-155992)/6)/(-2) + (-71)/213?
3, 7, 619
Suppose 5*g = -3*g + 64. Let k(w) = 46*w + 44. What are the prime factors of k(g)?
2, 103
Let p be ((-50)/20 + 1)*8/(-6). Suppose p = -s, 3*h = 7*h + s - 1326. What are the prime factors of h?
2, 83
Let w = 2488 + -1103. What are the prime factors of w?
5, 277
Suppose 0 = 38*s + 254 - 102. Let q(f) = -f**3 - f. Let l be q(-1). List the prime factors of ((-456)/s)/l - 0.
3, 19
Suppose 8577 = -424*i + 425*i + 2*f, -3*i + 25682 = -f. List the prime factors of i.
8563
Let o(k) = 2*k - 229 + 230 - 8*k + 11*k + 36*k**2. Let m be -2 - (0 - 1)*0. What are the prime factors of o(m)?
3, 5
Let g = 127 - 0. Let c = g - 69. Let k = c + 14. What are the prime factors of k?
2, 3
Suppose 0 = 388*y - 396*y + 119904. List the prime factors of y.
2, 3, 1249
Let g(w) = -w**3 - 2*w**2 + 12*w - 16. Let a be g(-5). List the prime factors of 887 - 0*a/10.
887
Let q(b) = b**3 - 35*b**2 + 21*b - 483. List the prime factors of q(36).
3, 523
Suppose -277*z = -280*z + 32367. What are the prime factors of z?
10789
Let m(i) = i**3 + i**2 - 4*i - 6. Let s be m(-3). Let t be (-170)/(-40) + 3/s. Suppose 4*z = 4*o - 59 - 89, z = t*o - 154. What are the prime factors of o?
3, 13
What are the prime factors of -11 - ((-247176)/9)/2?
13721
Let b(c) be the second derivative of 5/2*c**2 + 0 - 36*c + 1/4*c**4 - 4/3*c**3. What are the prime factors of b(9)?
2, 11
Let v = -23896 + 33527. List the prime factors of v.
9631
Let s be 0 + (-1)/(1*(-3)/3). Let u be 48/(-80) + s/((-10)/(-1086)). Let h = u - 63. What are the prime factors of h?
3, 5
Let q = -132 - -593. Suppose o - 465 = b, o - q = b - 4*b. Suppose 0 = 4*a - o - 8. List the prime factors of a.
2, 59
Let z = 4626 - 2874. Suppose 56*s + z = 62*s. List the prime factors of s.
2, 73
Let p(w) = -65*w**3 + 2*w**2 - 58*w + 137. List the prime factors of p(-10).
29, 2273
Suppose -3*o - 2*o = -220. Let l = o + -40. Suppose -l*v + 26 = -3*v. What are the prime factors of v?
2, 13
Suppose 15070 = 5*l + 5*j, 181*l - 4*j = 177*l + 12056. List the prime factors of l.
2, 11, 137
Let i = -7 + -10. Let q be i - -19 - (-1 - -1 - 1). Suppose -3*c - 2 = -2*g - 1, -q*c + 3 = 0. What are the prime factors of g?
2
Let b(x) = -43*x - 12. Let f be b(-9). Suppose -20 = 5*r, -3*i - 2*r - f = -5*r. Let q = i + 192. List the prime factors of q.
3, 7
Suppose 74*d - 23*d = 678147. What are the prime factors of d?
13297
Let i(w) = 18*w**2 + 383*w + 1. List the prime factors of i(10).
3, 1877
Let a(v) = 9*v - 33. Let s be a(4). Suppose q + 2242 = s*b, 5*q + 141 = -b + 899. List the prime factors of b.
2, 11, 17
Let f = -2181 + 3361. Suppose -2*x - 3*z = 2*x - f, -280 = -x + 3*z. What are the prime factors of x?
2, 73
Suppose s = 16 + 32. What are the prime factors of (-1*59)/(s/(-9) + 5)?
3, 59
Let j = 19 + -12. Let k(c) be the second derivative of c**3/2 - 4*c**2 + 85*c. List the prime factors of k(j).
13
List the prime factors of ((-20)/(-8))/((-8)/((-3121824)/15)).
2, 31, 1049
Suppose 2*p - 476 = 4*z, -3*p - 3*z + 874 = 151. Let f = -118 + p. List the prime factors of f.
2, 61
Let j be 1*4 + 15 + -15. Suppose 2*t - 3*t - j = 0. Let n(h) = h**3 + 4*h**2 - 4*h + 2. What are the prime factors of n(t)?
2, 3
Let f(i) = i**3 - 3*i**2 - 5*i + 61. Let q be f(10). List the prime factors of ((-448)/(-48))/(6/q).
2, 7, 79
Let j = 116045 - 67971. What are the prime factors of j?
2, 13, 43
Let c(p) = -51*p**2 + 2406*p - 38. List the prime factors of c(18).
2, 43, 311
Suppose -74545 = -10*f - 2*f + 226859. What are the prime factors of f?
25117
Suppose 0 = -3*q + 7 + 5. Suppose -q*r = -819 - 953. Suppose 7*y - 236 = r. List the prime factors of y.
97
What are the prime factors of (14/(-20))/(-7) - (-4 + (-1502271)/90)?
2, 2087
Let d(s) = 10*s - 54. Let r be d(6). What are the prime factors of (-8)/2*(-327)/r?
2, 109
Let l(w) = 12*w + 18*w**2 + 11 - 5 - 17*w**2. Let r be (100/3)/(-2) + 4/6. What are the prime factors of l(r)?
2, 5, 7
Suppose -6*a + 12 = -8*a. List the prime factors of 2/4 - (24387/a)/11.
2, 5, 37
Let i(s) = 12*s**2 - 1372*s + 86. List the prime factors of i(120).
2, 7, 19, 31
Suppose -q - 7*r = -2*r - 6333, 4*q - 5*r = 25482. What are the prime factors of q?
3, 7, 101
Let g(a) = 31*a**2 + 17*a - 16. List the prime factors of g(10).
2, 1627
Suppose 41*h = 341306 + 253071. List the prime factors of h.
7, 19, 109
Let a = -2147 - -6353. List the prime factors of a.
2, 3, 701
Let b(i) = -i**3 - 5*i**2 - 7*i - 10. Let a be (3 - 2)*(-10)/2. Let v be b(a). Suppose 14 = 3*t - v. List the prime factors of t.
13
Let m = 6422 + -22. List the prime factors of m.
2, 5
Let z be ((-117)/(-6))/(5 + (-833)/168). Let c = z + -375. What are the prime factors of c?
3, 31
Let w = -4383 + 11505. List the prime factors of w.
2, 3, 1187
Suppose 0 = -3*b + w - 159, 3*b + 6*w - 2*w + 144 = 0. Let j = -42 - b. Suppose 9*d - j*d + 46 = 0. What are the prime factors of d?
2, 23
Suppose -3